{"id":1071,"date":"2022-08-31T08:44:39","date_gmt":"2022-08-31T06:44:39","guid":{"rendered":"https:\/\/caritas-wp.glauco.it\/caritas-dev\/?page_id=1071"},"modified":"2022-10-12T09:53:45","modified_gmt":"2022-10-12T07:53:45","slug":"sostienici-anche-tu","status":"publish","type":"page","link":"https:\/\/caritas-wp.glauco.it\/caritas-dev\/sostienici-anche-tu\/","title":{"rendered":"Sostienici anche tu"},"content":{"rendered":"<div id=\"pl-1071\"  class=\"panel-layout\" ><div id=\"pg-1071-0\"  class=\"panel-grid panel-has-style\" ><div id=\"headerdona\" class=\"panel-row-style panel-row-style-for-1071-0\" ><div id=\"pgc-1071-0-0\"  class=\"panel-grid-cell\" ><div id=\"panel-1071-0-0-0\" class=\"so-panel widget widget_siteorigin-panels-post-content panel-first-child\" data-index=\"0\" ><h1 class=\"entry-title\">Sostienici anche tu<\/h1><\/div><div id=\"panel-1071-0-0-1\" class=\"so-panel widget widget_sow-editor panel-last-child\" data-index=\"1\" ><div\n\t\t\t\n\t\t\tclass=\"so-widget-sow-editor so-widget-sow-editor-base\"\n\t\t\t\n\t\t><h3 class=\"widget-title\">un piccolo contributo per un mondo migliore<\/h3>\n<div class=\"siteorigin-widget-tinymce textwidget\">\n\t<\/div>\n<\/div><\/div><\/div><\/div><\/div><div id=\"pg-1071-1\"  class=\"panel-grid panel-no-style\" ><div id=\"pgc-1071-1-0\"  class=\"panel-grid-cell\" ><div id=\"panel-1071-1-0-0\" class=\"so-panel widget widget_sow-editor panel-first-child panel-last-child\" data-index=\"2\" ><div\n\t\t\t\n\t\t\tclass=\"so-widget-sow-editor so-widget-sow-editor-base\"\n\t\t\t\n\t\t>\n<div class=\"siteorigin-widget-tinymce textwidget\">\n\t<p>L'offerta in denaro \u00e8 una delle forme attraverso cui esprimere prossimit\u00e0 verso i fratelli e le sorelle nel bisogno. Pu\u00f2 essere l'inizio di un coinvolgimento verso i poveri che diventa carit\u00e0 vera. Hanno scritto i nostri Vescovi: \u00abAccogliere il povero, il malato, lo straniero, il carcerato \u00e8 infatti fargli spazio nel proprio tempo, nella propria casa, nelle proprie amicizie, nella propria citt\u00e0 e nelle proprie leggi.<br \/>\nLa carit\u00e0 \u00e8 molto pi\u00f9 impegnativa di una beneficenza occasionale: la prima coinvolge e crea un legame, la seconda si accontenta di un gesto\u00bb. (ETC n. 39).<\/p>\n<p>A coloro che si fidano della Caritas Italiana e consegnano ad essa un'offerta in atteggiamento di condivisione verso le tante povert\u00e0 dell'Italia e del mondo, l'augurio di fare il passaggio dalla beneficenza alla condivisione.<\/p>\n<p><strong><a href=\"https:\/\/caritas-wp.glauco.it\/caritas-dev\/deducibilita-e-detraibilita\/\" target=\"_blank\" rel=\"noopener\">Deducibilit\u00e0 e detraibilit\u00e0<\/a><\/strong><br \/>\n<strong><a href=\"https:\/\/caritas-wp.glauco.it\/caritas-dev\/caritas-italiana-e-5xmille\/\" target=\"_blank\" rel=\"noopener\">Caritas Italiana e 5xmille<\/a><\/strong><br \/>\n<strong><a href=\"https:\/\/caritas-wp.glauco.it\/caritas-dev\/trattamento-dati\/\" target=\"_blank\" rel=\"noopener\">Trattamento dati<\/a><\/strong><\/p>\n<p>ATTENZIONE: Caritas Italiana non effettua alcuna raccolta diretta, n\u00e9 manda in giro propri operatori per questi scopi.<\/p>\n<\/div>\n<\/div><\/div><\/div><\/div><\/div>","protected":false},"excerpt":{"rendered":"<p>L&#8217;offerta in denaro \u00e8 una delle forme attraverso cui esprimere prossimit\u00e0 verso i fratelli e le sorelle nel bisogno. Pu\u00f2 essere l&#8217;inizio di un coinvolgimento verso i poveri che diventa carit\u00e0 vera. Hanno scritto i nostri Vescovi: \u00abAccogliere il povero, il malato, lo straniero, il carcerato \u00e8 infatti fargli spazio nel proprio tempo, nella propria [&hellip;]<\/p>\n","protected":false},"author":3,"featured_media":0,"parent":0,"menu_order":0,"comment_status":"closed","ping_status":"closed","template":"","meta":{"_lmt_disableupdate":"no","_lmt_disable":"","footnotes":""},"acf":[],"yoast_head":"<!-- This site is optimized with the Yoast SEO plugin v21.4 - https:\/\/yoast.com\/wordpress\/plugins\/seo\/ -->\n<title>Sostienici anche tu - Caritas DEV<\/title>\n<meta name=\"robots\" content=\"index, follow, max-snippet:-1, max-image-preview:large, max-video-preview:-1\" \/>\n<link rel=\"canonical\" href=\"https:\/\/caritas-wp.glauco.it\/caritas-dev\/sostienici-anche-tu\/\" \/>\n<meta property=\"og:locale\" content=\"it_IT\" \/>\n<meta property=\"og:type\" content=\"article\" \/>\n<meta property=\"og:title\" content=\"Sostienici anche tu - Caritas DEV\" \/>\n<meta property=\"og:description\" content=\"L&#039;offerta in denaro \u00e8 una delle forme attraverso cui esprimere prossimit\u00e0 verso i fratelli e le sorelle nel bisogno. Pu\u00f2 essere l&#039;inizio di un coinvolgimento verso i poveri che diventa carit\u00e0 vera. Hanno scritto i nostri Vescovi: \u00abAccogliere il povero, il malato, lo straniero, il carcerato \u00e8 infatti fargli spazio nel proprio tempo, nella propria [&hellip;]\" \/>\n<meta property=\"og:url\" content=\"https:\/\/caritas-wp.glauco.it\/caritas-dev\/sostienici-anche-tu\/\" \/>\n<meta property=\"og:site_name\" content=\"Caritas DEV\" \/>\n<meta property=\"article:modified_time\" content=\"2022-10-12T07:53:45+00:00\" \/>\n<meta name=\"twitter:card\" content=\"summary_large_image\" \/>\n<meta name=\"twitter:label1\" content=\"Tempo di lettura stimato\" \/>\n\t<meta name=\"twitter:data1\" content=\"1 minuto\" \/>\n<script type=\"application\/ld+json\" class=\"yoast-schema-graph\">{\"@context\":\"https:\/\/schema.org\",\"@graph\":[{\"@type\":\"WebPage\",\"@id\":\"https:\/\/caritas-wp.glauco.it\/caritas-dev\/sostienici-anche-tu\/\",\"url\":\"https:\/\/caritas-wp.glauco.it\/caritas-dev\/sostienici-anche-tu\/\",\"name\":\"Sostienici anche tu - Caritas DEV\",\"isPartOf\":{\"@id\":\"https:\/\/caritas-wp.glauco.it\/caritas-dev\/#website\"},\"datePublished\":\"2022-08-31T06:44:39+00:00\",\"dateModified\":\"2022-10-12T07:53:45+00:00\",\"breadcrumb\":{\"@id\":\"https:\/\/caritas-wp.glauco.it\/caritas-dev\/sostienici-anche-tu\/#breadcrumb\"},\"inLanguage\":\"it-IT\",\"potentialAction\":[{\"@type\":\"ReadAction\",\"target\":[\"https:\/\/caritas-wp.glauco.it\/caritas-dev\/sostienici-anche-tu\/\"]}]},{\"@type\":\"BreadcrumbList\",\"@id\":\"https:\/\/caritas-wp.glauco.it\/caritas-dev\/sostienici-anche-tu\/#breadcrumb\",\"itemListElement\":[{\"@type\":\"ListItem\",\"position\":1,\"name\":\"Home\",\"item\":\"https:\/\/caritas-wp.glauco.it\/caritas-dev\/\"},{\"@type\":\"ListItem\",\"position\":2,\"name\":\"Sostienici anche tu\"}]},{\"@type\":\"WebSite\",\"@id\":\"https:\/\/caritas-wp.glauco.it\/caritas-dev\/#website\",\"url\":\"https:\/\/caritas-wp.glauco.it\/caritas-dev\/\",\"name\":\"Caritas DEV\",\"description\":\"Organismo Pastorale della CEI\",\"publisher\":{\"@id\":\"https:\/\/caritas-wp.glauco.it\/caritas-dev\/#organization\"},\"potentialAction\":[{\"@type\":\"SearchAction\",\"target\":{\"@type\":\"EntryPoint\",\"urlTemplate\":\"https:\/\/caritas-wp.glauco.it\/caritas-dev\/?s={search_term_string}\"},\"query-input\":\"required name=search_term_string\"}],\"inLanguage\":\"it-IT\"},{\"@type\":\"Organization\",\"@id\":\"https:\/\/caritas-wp.glauco.it\/caritas-dev\/#organization\",\"name\":\"Caritas Italiana\",\"url\":\"https:\/\/caritas-wp.glauco.it\/caritas-dev\/\",\"logo\":{\"@type\":\"ImageObject\",\"inLanguage\":\"it-IT\",\"@id\":\"https:\/\/caritas-wp.glauco.it\/caritas-dev\/#\/schema\/logo\/image\/\",\"url\":\"https:\/\/caritas-wp.glauco.it\/caritas-dev\/wp-content\/uploads\/sites\/7\/2022\/07\/logo_caritas-1.png\",\"contentUrl\":\"https:\/\/caritas-wp.glauco.it\/caritas-dev\/wp-content\/uploads\/sites\/7\/2022\/07\/logo_caritas-1.png\",\"width\":187,\"height\":80,\"caption\":\"Caritas Italiana\"},\"image\":{\"@id\":\"https:\/\/caritas-wp.glauco.it\/caritas-dev\/#\/schema\/logo\/image\/\"}}]}<\/script>\n<!-- \/ Yoast SEO plugin. -->","yoast_head_json":{"title":"Sostienici anche tu - Caritas DEV","robots":{"index":"index","follow":"follow","max-snippet":"max-snippet:-1","max-image-preview":"max-image-preview:large","max-video-preview":"max-video-preview:-1"},"canonical":"https:\/\/caritas-wp.glauco.it\/caritas-dev\/sostienici-anche-tu\/","og_locale":"it_IT","og_type":"article","og_title":"Sostienici anche tu - Caritas DEV","og_description":"L'offerta in denaro \u00e8 una delle forme attraverso cui esprimere prossimit\u00e0 verso i fratelli e le sorelle nel bisogno. Pu\u00f2 essere l'inizio di un coinvolgimento verso i poveri che diventa carit\u00e0 vera. Hanno scritto i nostri Vescovi: \u00abAccogliere il povero, il malato, lo straniero, il carcerato \u00e8 infatti fargli spazio nel proprio tempo, nella propria [&hellip;]","og_url":"https:\/\/caritas-wp.glauco.it\/caritas-dev\/sostienici-anche-tu\/","og_site_name":"Caritas DEV","article_modified_time":"2022-10-12T07:53:45+00:00","twitter_card":"summary_large_image","twitter_misc":{"Tempo di lettura stimato":"1 minuto"},"schema":{"@context":"https:\/\/schema.org","@graph":[{"@type":"WebPage","@id":"https:\/\/caritas-wp.glauco.it\/caritas-dev\/sostienici-anche-tu\/","url":"https:\/\/caritas-wp.glauco.it\/caritas-dev\/sostienici-anche-tu\/","name":"Sostienici anche tu - Caritas DEV","isPartOf":{"@id":"https:\/\/caritas-wp.glauco.it\/caritas-dev\/#website"},"datePublished":"2022-08-31T06:44:39+00:00","dateModified":"2022-10-12T07:53:45+00:00","breadcrumb":{"@id":"https:\/\/caritas-wp.glauco.it\/caritas-dev\/sostienici-anche-tu\/#breadcrumb"},"inLanguage":"it-IT","potentialAction":[{"@type":"ReadAction","target":["https:\/\/caritas-wp.glauco.it\/caritas-dev\/sostienici-anche-tu\/"]}]},{"@type":"BreadcrumbList","@id":"https:\/\/caritas-wp.glauco.it\/caritas-dev\/sostienici-anche-tu\/#breadcrumb","itemListElement":[{"@type":"ListItem","position":1,"name":"Home","item":"https:\/\/caritas-wp.glauco.it\/caritas-dev\/"},{"@type":"ListItem","position":2,"name":"Sostienici anche tu"}]},{"@type":"WebSite","@id":"https:\/\/caritas-wp.glauco.it\/caritas-dev\/#website","url":"https:\/\/caritas-wp.glauco.it\/caritas-dev\/","name":"Caritas DEV","description":"Organismo Pastorale della CEI","publisher":{"@id":"https:\/\/caritas-wp.glauco.it\/caritas-dev\/#organization"},"potentialAction":[{"@type":"SearchAction","target":{"@type":"EntryPoint","urlTemplate":"https:\/\/caritas-wp.glauco.it\/caritas-dev\/?s={search_term_string}"},"query-input":"required name=search_term_string"}],"inLanguage":"it-IT"},{"@type":"Organization","@id":"https:\/\/caritas-wp.glauco.it\/caritas-dev\/#organization","name":"Caritas Italiana","url":"https:\/\/caritas-wp.glauco.it\/caritas-dev\/","logo":{"@type":"ImageObject","inLanguage":"it-IT","@id":"https:\/\/caritas-wp.glauco.it\/caritas-dev\/#\/schema\/logo\/image\/","url":"https:\/\/caritas-wp.glauco.it\/caritas-dev\/wp-content\/uploads\/sites\/7\/2022\/07\/logo_caritas-1.png","contentUrl":"https:\/\/caritas-wp.glauco.it\/caritas-dev\/wp-content\/uploads\/sites\/7\/2022\/07\/logo_caritas-1.png","width":187,"height":80,"caption":"Caritas Italiana"},"image":{"@id":"https:\/\/caritas-wp.glauco.it\/caritas-dev\/#\/schema\/logo\/image\/"}}]}},"_links":{"self":[{"href":"https:\/\/caritas-wp.glauco.it\/caritas-dev\/wp-json\/wp\/v2\/pages\/1071"}],"collection":[{"href":"https:\/\/caritas-wp.glauco.it\/caritas-dev\/wp-json\/wp\/v2\/pages"}],"about":[{"href":"https:\/\/caritas-wp.glauco.it\/caritas-dev\/wp-json\/wp\/v2\/types\/page"}],"author":[{"embeddable":true,"href":"https:\/\/caritas-wp.glauco.it\/caritas-dev\/wp-json\/wp\/v2\/users\/3"}],"replies":[{"embeddable":true,"href":"https:\/\/caritas-wp.glauco.it\/caritas-dev\/wp-json\/wp\/v2\/comments?post=1071"}],"version-history":[{"count":14,"href":"https:\/\/caritas-wp.glauco.it\/caritas-dev\/wp-json\/wp\/v2\/pages\/1071\/revisions"}],"predecessor-version":[{"id":125760,"href":"https:\/\/caritas-wp.glauco.it\/caritas-dev\/wp-json\/wp\/v2\/pages\/1071\/revisions\/125760"}],"wp:attachment":[{"href":"https:\/\/caritas-wp.glauco.it\/caritas-dev\/wp-json\/wp\/v2\/media?parent=1071"}],"curies":[{"name":"wp","href":"https:\/\/api.w.org\/{rel}","templated":true}]}}

<div id="pl-1071"  class="panel-layout" ><div id="pg-1071-0"  class="panel-grid panel-has-style" ><div id="headerdona" class="panel-row-style panel-row-style-for-1071-0" ><div id="pgc-1071-0-0"  class="panel-grid-cell" ><div id="panel-1071-0-0-0" class="so-panel widget widget_siteorigin-panels-post-content panel-first-child" data-index="0" ><h1 class="entry-title">Sostienici anche tu</h1></div><div id="panel-1071-0-0-1" class="so-panel widget widget_sow-editor panel-last-child" data-index="1" ><div
			
			class="so-widget-sow-editor so-widget-sow-editor-base"
			
		><h3 class="widget-title">un piccolo contributo per un mondo migliore</h3>
<div class="siteorigin-widget-tinymce textwidget">
	</div>
</div></div></div></div></div><div id="pg-1071-1"  class="panel-grid panel-no-style" ><div id="pgc-1071-1-0"  class="panel-grid-cell" ><div id="panel-1071-1-0-0" class="so-panel widget widget_sow-editor panel-first-child panel-last-child" data-index="2" ><div
			
			class="so-widget-sow-editor so-widget-sow-editor-base"
			
		>
<div class="siteorigin-widget-tinymce textwidget">
	<p>L'offerta in denaro è una delle forme attraverso cui esprimere prossimità verso i fratelli e le sorelle nel bisogno. Può essere l'inizio di un coinvolgimento verso i poveri che diventa carità vera. Hanno scritto i nostri Vescovi: «Accogliere il povero, il malato, lo straniero, il carcerato è infatti fargli spazio nel proprio tempo, nella propria casa, nelle proprie amicizie, nella propria città e nelle proprie leggi.<br />
La carità è molto più impegnativa di una beneficenza occasionale: la prima coinvolge e crea un legame, la seconda si accontenta di un gesto». (ETC n. 39).</p>
<p>A coloro che si fidano della Caritas Italiana e consegnano ad essa un'offerta in atteggiamento di condivisione verso le tante povertà dell'Italia e del mondo, l'augurio di fare il passaggio dalla beneficenza alla condivisione.</p>
<p><strong><a href="https://caritas-wp.glauco.it/caritas-dev/deducibilita-e-detraibilita/" target="_blank" rel="noopener">Deducibilità e detraibilità</a></strong><br />
<strong><a href="https://caritas-wp.glauco.it/caritas-dev/caritas-italiana-e-5xmille/" target="_blank" rel="noopener">Caritas Italiana e 5xmille</a></strong><br />
<strong><a href="https://caritas-wp.glauco.it/caritas-dev/trattamento-dati/" target="_blank" rel="noopener">Trattamento dati</a></strong></p>
<p>ATTENZIONE: Caritas Italiana non effettua alcuna raccolta diretta, né manda in giro propri operatori per questi scopi.</p>
</div>
</div></div></div></div></div>

<p>L&#8217;offerta in denaro è una delle forme attraverso cui esprimere prossimità verso i fratelli e le sorelle nel bisogno. Può essere l&#8217;inizio di un coinvolgimento verso i poveri che diventa carità vera. Hanno scritto i nostri Vescovi: «Accogliere il povero, il malato, lo straniero, il carcerato è infatti fargli spazio nel proprio tempo, nella propria [&hellip;]</p>

<!-- This site is optimized with the Yoast SEO plugin v21.4 - https://yoast.com/wordpress/plugins/seo/ -->
<title>Sostienici anche tu - Caritas DEV</title>
<meta name="robots" content="index, follow, max-snippet:-1, max-image-preview:large, max-video-preview:-1" />
<link rel="canonical" href="https://caritas-wp.glauco.it/caritas-dev/sostienici-anche-tu/" />
<meta property="og:locale" content="it_IT" />
<meta property="og:type" content="article" />
<meta property="og:title" content="Sostienici anche tu - Caritas DEV" />
<meta property="og:description" content="L&#039;offerta in denaro è una delle forme attraverso cui esprimere prossimità verso i fratelli e le sorelle nel bisogno. Può essere l&#039;inizio di un coinvolgimento verso i poveri che diventa carità vera. Hanno scritto i nostri Vescovi: «Accogliere il povero, il malato, lo straniero, il carcerato è infatti fargli spazio nel proprio tempo, nella propria [&hellip;]" />
<meta property="og:url" content="https://caritas-wp.glauco.it/caritas-dev/sostienici-anche-tu/" />
<meta property="og:site_name" content="Caritas DEV" />
<meta property="article:modified_time" content="2022-10-12T07:53:45+00:00" />
<meta name="twitter:card" content="summary_large_image" />
<meta name="twitter:label1" content="Tempo di lettura stimato" />
	<meta name="twitter:data1" content="1 minuto" />
<script type="application/ld+json" class="yoast-schema-graph">{"@context":"https://schema.org","@graph":[{"@type":"WebPage","@id":"https://caritas-wp.glauco.it/caritas-dev/sostienici-anche-tu/","url":"https://caritas-wp.glauco.it/caritas-dev/sostienici-anche-tu/","name":"Sostienici anche tu - Caritas DEV","isPartOf":{"@id":"https://caritas-wp.glauco.it/caritas-dev/#website"},"datePublished":"2022-08-31T06:44:39+00:00","dateModified":"2022-10-12T07:53:45+00:00","breadcrumb":{"@id":"https://caritas-wp.glauco.it/caritas-dev/sostienici-anche-tu/#breadcrumb"},"inLanguage":"it-IT","potentialAction":[{"@type":"ReadAction","target":["https://caritas-wp.glauco.it/caritas-dev/sostienici-anche-tu/"]}]},{"@type":"BreadcrumbList","@id":"https://caritas-wp.glauco.it/caritas-dev/sostienici-anche-tu/#breadcrumb","itemListElement":[{"@type":"ListItem","position":1,"name":"Home","item":"https://caritas-wp.glauco.it/caritas-dev/"},{"@type":"ListItem","position":2,"name":"Sostienici anche tu"}]},{"@type":"WebSite","@id":"https://caritas-wp.glauco.it/caritas-dev/#website","url":"https://caritas-wp.glauco.it/caritas-dev/","name":"Caritas DEV","description":"Organismo Pastorale della CEI","publisher":{"@id":"https://caritas-wp.glauco.it/caritas-dev/#organization"},"potentialAction":[{"@type":"SearchAction","target":{"@type":"EntryPoint","urlTemplate":"https://caritas-wp.glauco.it/caritas-dev/?s={search_term_string}"},"query-input":"required name=search_term_string"}],"inLanguage":"it-IT"},{"@type":"Organization","@id":"https://caritas-wp.glauco.it/caritas-dev/#organization","name":"Caritas Italiana","url":"https://caritas-wp.glauco.it/caritas-dev/","logo":{"@type":"ImageObject","inLanguage":"it-IT","@id":"https://caritas-wp.glauco.it/caritas-dev/#/schema/logo/image/","url":"https://caritas-wp.glauco.it/caritas-dev/wp-content/uploads/sites/7/2022/07/logo_caritas-1.png","contentUrl":"https://caritas-wp.glauco.it/caritas-dev/wp-content/uploads/sites/7/2022/07/logo_caritas-1.png","width":187,"height":80,"caption":"Caritas Italiana"},"image":{"@id":"https://caritas-wp.glauco.it/caritas-dev/#/schema/logo/image/"}}]}</script>
<!-- / Yoast SEO plugin. -->

L'offerta in denaro è una delle forme attraverso cui esprimere prossimità verso i fratelli e le sorelle nel bisogno. Può essere l'inizio di un coinvolgimento verso i poveri che diventa carità vera. Hanno scritto i nostri Vescovi: «Accogliere il povero, il malato, lo straniero, il carcerato è infatti fargli spazio nel proprio tempo, nella propria [&hellip;]
